13 a prime number?
False
Is 50411 a composite number?
False
Is 397459 a composite number?
False
Is 742057 a prime number?
True
Is 13811 composite?
True
Is 1105787 a composite number?
False
Is 43657 a composite number?
True
Is 208457 a prime number?
True
Is 4939 a composite number?
True
Is 263 prime?
True
Is 16519 composite?
False
Is 9871 prime?
True
Is 2559071 prime?
True
Is 187409 composite?
False
Is 24733 a composite number?
False
Is 15811 composite?
True
Is 359353 a prime number?
True
Is 293 composite?
False
Is 70637 a composite number?
True
Is 119537 a composite number?
True
Is 9023 a composite number?
True
Is 274259 composite?
False
Is 11179 prime?
False
Is 11777 prime?
True
Is 319 prime?
False
Is 7405 composite?
True
Is 121963 composite?
False
Is 1486003 prime?
True
Is 18529 a prime number?
False
Is 370743 composite?
True
Is 41119 a composite number?
True
Is 19207 prime?
True
Is 6029 composite?
False
Is 566471 a prime number?
False
Is 64483 prime?
True
Is 2167717 prime?
True
Is 294715 prime?
False
Is 1040051 composite?
False
Is 803 a composite number?
True
Is 1547237 a composite number?
True
Is 735689 a composite number?
False
Is 117778 composite?
True
Is 18329 prime?
True
Is 19361 a prime number?
False
Is 5333 a prime number?
True
Is 46229 composite?
False
Is 1052629 a prime number?
True
Is 1787795 a prime number?
False
Is 1047823 a prime number?
False
Is 16331 a composite number?
True
Is 707567 a prime number?
False
Is 278669 prime?
False
Is 116953 prime?
True
Is 28777 composite?
True
Is 128589 a composite number?
True
Is 1653449 a composite number?
True
Is 282883 composite?
True
Is 86993 a prime number?
True
Is 1042571 a composite number?
False
Is 982021 composite?
False
Is 158605 a composite number?
True
Is 43853 prime?
True
Is 223067 a composite number?
True
Is 23377 a composite number?
True
Is 172619 prime?
True
Is 154633 a prime number?
False
Is 1397 prime?
False
Is 183023 a prime number?
True
Is 745 composite?
True
Is 30343 a prime number?
False
Is 124067 a prime number?
True
Is 2076161 composite?
False
Is 9634 prime?
False
Is 7339 a composite number?
True
Is 7069 a composite number?
False
Is 30301 a prime number?
False
Is 14221 prime?
True
Is 761953 prime?
False
Is 186451 prime?
True
Is 34337 a composite number?
False
Is 521879 a composite number?
False
Is 11549 composite?
False
Is 113657 a prime number?
True
Is 856693 prime?
True
Is 199939 prime?
False
Is 1213 a prime number?
True
Is 305129 prime?
False
Is 61081 composite?
True
Is 1189 prime?
False
Is 53857 a prime number?
True
Is 322757 a prime number?
True
Is 148991 a composite number?
False
Is 299381 composite?
True
Is 20743 a composite number?
False
Is 5342 a composite number?
True
Is 289937 composite?
False
Is 2123 composite?
True
Is 2647 composite?
False
Is 87034 a composite number?
True
Is 20573 a prime number?
False
Is 91193 composite?
False
Is 239663 composite?
True
Is 39441 composite?
True
Is 24623 a prime number?
True
Is 478909 a prime number?
False
Is 408598 a prime number?
False
Is 123659 a composite number?
True
Is 145853 prime?
False
Is 13909 composite?
True
Is 46993 a prime number?
True
Is 24279 a prime number?
False
Is 14439 composite?
True
Is 42247 prime?
False
Is 47249 a prime number?
False
Is 8189 prime?
False
Is 287491 composite?
False
Is 104163 composite?
True
Is 18295 prime?
False
Is 1799429 a prime number?
False
Is 1994557 a composite number?
True
Is 218323 composite?
True
Is 43141 composite?
True
Is 18479 a prime number?
False
Is 10347 composite?
True
Is 22051 a prime number?
True
Is 46857 composite?
True
Is 327797 composite?
False
Is 1499 composite?
False
Is 10487 a composite number?
False
Is 423629 a composite number?
True
Is 10289 a composite number?
False
Is 40097 a prime number?
False
Is 28277 prime?
True
Is 30633 prime?
False
Is 2119 a prime number?
False
Is 231091 a prime number?
False
Is 17779 prime?
False
Is 453223 a prime number?
False
Is 13669 a composite number?
False
Is 2026447 a composite number?
False
Is 1579883 a prime number?
True
Is 1517 composite?
True
Is 37495 prime?
False
Is 2051 a prime number?
False
Is 324841 composite?
True
Is 4717 composite?
True
Is 26237 composite?
False
Is 224695 prime?
False
Is 2423 prime?
True
Is 1913 a composite number?
False
Is 4911 prime?
False
Is 3802 a composite number?
True
Is 21043 a prime number?
False
Is 57269 a composite number?
False
Is 2335 a composite number?
True
Is 175463 composite?
False
Is 1763303 composite?
False
Is 114997 composite?
False
Is 17077 a composite number?
False
Is 179623 a prime number?
True
Is 443 a prime number?
True
Is 2203 a composite number?
False
Is 8501 a composite number?
False
Is 1401047 a composite number?
True
Is 1983 composite?
True
Is 2633 a prime number?
True
Is 113 prime?
True
Is 5683 prime?
True
Is 1700637 a composite number?
True
Is 131671 prime?
True
Is 89389 a prime number?
False
Is 199921 a prime number?
True
Is 190633 a composite number?
False
Is 6697 prime?
False
Is 104242 a prime number?
False
Is 31687 a composite number?
False
Is 22205 a composite number?
True
Is 92527 prime?
False
Is 115447 composite?
True
Is 35791 composite?
True
Is 281173 prime?
False
Is 7607 prime?
True
Is 1404985 prime?
False
Is 32811 prime?
False
Is 64121 prime?
False
Is 1587043 prime?
False
Is 82157 a prime number?
False
Is 148399 a composite number?
False
Is 19949 prime?
True
Is 8461 a composite number?
False
Is 50539 prime?
True
Is 26311 a composite number?
True
Is 5219 a prime number?
False
Is 6559 prime?
False
Is 20201 prime?
True
Is 15131 a prime number?
True
Is 147379 a prime number?
False
Is 54037 a composite number?
False
Is 45307 a prime number?
True
Is 95591 prime?
False
Is 46849 a prime number?
False
Is 251879 a prime number?
True
Is 167071 prime?
True
Is 9917 composite?
True
Is 44705 prime?
False
Is 3103 composite?
True
Is 13441 a prime number?
True
Is 53299 prime?
True
Is 405427 a prime number?
False
Is 658837 composite?
False
Is 361915 prime?
False
Is 98537 a prime number?
False
Is 346601 a prime number?
True
Is 20063 a composite number?
False
Is 27509 composite?
False
Is 557 a prime number?
True
Is 9277 composite?
False
Is 75079 a prime number?
True
Is 11762 a composite number?
True
Is 10559 composite?
False
Is 8461 a composite number?
False
Is 301021 prime?
False
Is 23509 composite?
False
Is 102611 prime?
True
Is 41651 a composite number?
False
Is 501673 a prime number?
False
Is 227261 prime?
False
Is 1654649 a composite number?
False
Is 1578361 a composite number?
False
Is 439151 prime?
False
Is 858309 composite?
True
Is 596149 a prime number?
False
Is 3637 a composite number?
False
Is 35339 a prime number?
True
Is 28531 prime?
False
Is 546959 a prime number?
False
Is 839 a prime number?
True
Is 23951 composite?
True
Is 51407 prime?
True
Is 1024477 a composite number?
False
Is 6731 composite?
True
Is 7909 prime?
False
Is 83219 a composite number?
False
Is 957281 a composite number?
True
Is 4073 prime?
True
Is 18697 a composite number?
True
Is 320741 a composite number?
False
Is 229745 a composite number?
True
Is 88079 prime?
True
Is 95447 a prime number?
False
Is 1861 a composite number?
False
Is 327533 a composite number?
True
Is 14221 composite?
False
Is 863 prime?
True
Is 330403 a composite number?
True
Is 273931 a prime number?
False
Is 363503 prime?
False
Is 1883 a composite number?
True
Is 1110223 prime?
True
Is 23921 a prime number?
False
Is 11483 a composite number?
False
Is 11633 a prime number?
True
Is 418315 prime?
False
Is 23719 a prime number?
True
Is 295183 prime?
False
Is 659006 prime?
False
Is 22613 composite?
False
Is 463949 a prime number?
True
Is 26807 a composite number?
True
Is 2153 prime?
True
Is 517 composite?
True
Is 1149 composite?
True
Is 2581 a composite number?
True
Is 1127081 a prime number?
True
Is 2579 prime?
True
Is 43385 composite?
True
Is 649699 a prime number?
False
Is 1189157 composite?
True
Is 54869 composite?
False
Is 588151 a composite number?
False
Is 55657 a composite number?
True
Is 126303 prime?
False
Is 11047 prime?
True
Is 23813 a composite number?
False
Is 809 a composite number?
False
Is 204851 prime?
False
Is 96043 prime?
True
Is 714057 a prime number?
False
Is 19553 a composite number?
False
Is 309369 a prime n